{"id":141,"date":"2013-02-15T15:54:47","date_gmt":"2013-02-15T13:54:47","guid":{"rendered":"http:\/\/cestlavie-events.eu\/CestLaVie_\/wordpress\/?page_id=141"},"modified":"2026-04-17T17:45:40","modified_gmt":"2026-04-17T15:45:40","slug":"unsere-aktuellen-events","status":"publish","type":"page","link":"http:\/\/cestlavie-events.eu\/CestLaVie_\/wordpress\/?page_id=141","title":{"rendered":"Unsere aktuellen Events&#8230;"},"content":{"rendered":"<p><strong><span style=\"color: #ff0000;\">&nbsp;TANZEN macht Spa\u00df und ist sehr gesund. Es bringt den Kreislauf in Schwung, st\u00e4rkt das <\/span><\/strong><\/p>\n<p><strong><span style=\"color: #ff0000;\">Herz und beugt Krampfadern und R\u00fcckenproblemen vor.<br><\/span><\/strong><\/p>\n<p><strong><span style=\"color: #ff0000;\">Zudem verbraucht man pro Stunde etwa so viele Kalorien wie beim leichten Joggen.<\/span><\/strong><\/p>\n<p><strong><span style=\"color: #ff0000;\">Weitere Vorteile: Stress&nbsp; wird abgebaut, und das Selbstbewusstsein steigt<\/span><\/strong>&nbsp; &nbsp; &nbsp; &nbsp; &nbsp; &nbsp; &nbsp; &nbsp; &nbsp; &nbsp; &nbsp; &nbsp; &nbsp;&nbsp;<\/p>\n<p><span style=\"color: #0000ff;\"><strong><span style=\"color: #99cc00;\">&nbsp; <\/span><\/strong>&nbsp;&nbsp;&nbsp;&nbsp;&nbsp;&nbsp;&nbsp;&nbsp;&nbsp;&nbsp;&nbsp;&nbsp;&nbsp;&nbsp;&nbsp;&nbsp;&nbsp;&nbsp;&nbsp;&nbsp;&nbsp;&nbsp;&nbsp;&nbsp;&nbsp;&nbsp; <\/span><span style=\"color: #0000ff;\">&nbsp;&nbsp;&nbsp;&nbsp;&nbsp;&nbsp;&nbsp;&nbsp;&nbsp;&nbsp;&nbsp;&nbsp;&nbsp;&nbsp;&nbsp;&nbsp;&nbsp;&nbsp;&nbsp;&nbsp;&nbsp;&nbsp;&nbsp;&nbsp;&nbsp;&nbsp; <\/span><span style=\"color: #ff0000;\"><strong>&nbsp; &nbsp; &nbsp; &nbsp; &nbsp; &nbsp; &nbsp; &nbsp; &nbsp;<\/strong><\/span><\/p>\n<p><strong><span style=\"color: #ff0000;\">&nbsp;&nbsp;&nbsp;&nbsp;&nbsp;&nbsp;&nbsp;&nbsp;&nbsp;&nbsp;&nbsp;&nbsp;&nbsp;&nbsp;&nbsp;&nbsp;&nbsp;&nbsp;&nbsp;&nbsp;&nbsp;&nbsp; <\/span><\/strong>&nbsp; &nbsp; &nbsp;<strong><span style=\"color: #0000ff;\"> Tanzen, Lachen, Gl\u00fccklich sein<\/span><\/strong><\/p>\n<p><strong>&nbsp; &nbsp; &nbsp; &nbsp; &nbsp; &nbsp; &nbsp; &nbsp; &nbsp; &nbsp; &nbsp; &nbsp;&nbsp;<\/strong><\/p>\n<p><span style=\"color: #000000;\"><strong>Cocktail und Rock-n-Roll, Wein und Tanzen, vorbei schauen und bleiben-<\/strong><\/span><\/p>\n<p><span style=\"color: #000000;\"><strong>Tanzen &#8211; Tanzen&nbsp; &nbsp; &nbsp; &nbsp; &nbsp; &nbsp;WAS SONST !!!!!!<\/strong><\/span><\/p>\n<p><strong><span style=\"color: #0000ff;\">&nbsp; &nbsp; &nbsp; &nbsp; &nbsp; &nbsp; &nbsp; &nbsp; &nbsp;<\/span><\/strong><\/p>\n<p>&nbsp;<\/p>\n<p><strong><span style=\"color: #ff0000;\">Fr. 17 April<\/span><\/strong><\/p>\n<p><strong>Disco Fox<\/strong> und mehr mit <strong>Meggy<\/strong>&nbsp; &nbsp; &nbsp; &nbsp; &nbsp; &nbsp; &nbsp; ab 19 Uhr<\/p>\n<p>&nbsp;<\/p>\n<p><span style=\"color: #0000ff;\"><strong>&nbsp; Samstag&nbsp; 18 April<\/strong><\/span><\/p>\n<p><span style=\"color: #800080;\"><strong><span style=\"color: #0000ff;\">Schlager&nbsp; Party<\/span>&nbsp;<\/strong><\/span><\/p>\n<p><strong><span style=\"color: #0000ff;\">Die besten&nbsp; 80er &amp; 90 er und Heute&nbsp; &nbsp; &nbsp; &nbsp; &nbsp; &nbsp; &nbsp; &nbsp;Hits<\/span><\/strong>&nbsp;<strong><span style=\"color: #0000ff;\">mit Meggy&nbsp;<\/span><\/strong><\/p>\n<p><strong><span style=\"color: #0000ff;\">Kommt vorbei und feiert mit uns eine tolle Schlager&nbsp; Party !!!&nbsp; &nbsp;<\/span><\/strong><\/p>\n<p><strong><span style=\"color: #0000ff;\">Gerne Freunde mitbringen und weitersagen&nbsp; &nbsp; &nbsp; &nbsp; &nbsp; &nbsp; &nbsp; &nbsp; &nbsp; &nbsp; &nbsp; ab 19 Uhr<\/span><\/strong>&nbsp;<\/p>\n<p>&nbsp;<\/p>\n<p>&nbsp;<\/p>\n<p>Freitag 24 April<\/p>\n<p>mit <strong>J\u00fcrgen<\/strong><\/p>\n<p>Samstag 25 April<\/p>\n<p><strong>Meggy<\/strong><\/p>\n<p>30 April mit <strong>J\u00fcrgen<\/strong><\/p>\n<p>Fr. 1 Mai&nbsp;<\/p>\n<p>mit <strong>Meggy<\/strong><\/p>\n<p>Sa. 2 Mai<\/p>\n<p>\u00dc40 Party mit <strong>J\u00fcrgen&nbsp;<\/strong><\/p>\n<p>Fr. 8 Mai<\/p>\n<p>mit <strong>Marco&nbsp;<\/strong><\/p>\n<p>Sa. 9 April<\/p>\n<p>mit <strong>Meggy<\/strong><\/p>\n<p>&nbsp;<\/p>\n<p><strong><span style=\"color: #339966;\">Donnerstag 30 April&nbsp;<\/span><\/strong><\/p>\n<p><strong><span style=\"color: #339966;\">Tanz in den Mai mit J\u00fcrgen<\/span><\/strong><\/p>\n<p><strong><span style=\"color: #339966;\">mit 80er &amp; 90er Musik und gute Stimmung wird das bestimmt ein toller Abend&nbsp; &nbsp;<\/span> <\/strong>&nbsp; &nbsp; &nbsp; &nbsp; &nbsp; &nbsp; &nbsp; &nbsp; &nbsp; &nbsp; &nbsp; &nbsp; &nbsp; &nbsp; &nbsp; &nbsp; &nbsp; &nbsp; &nbsp; &nbsp; &nbsp; &nbsp; &nbsp; &nbsp; &nbsp; &nbsp; &nbsp; &nbsp; &nbsp; &nbsp; &nbsp; &nbsp; &nbsp; &nbsp; &nbsp;<strong><span style=\"color: #ff0000;\">&nbsp; <\/span>&nbsp;&nbsp;&nbsp;&nbsp;&nbsp;&nbsp;&nbsp;&nbsp;&nbsp;&nbsp;&nbsp;&nbsp;&nbsp;&nbsp;&nbsp;&nbsp;&nbsp;&nbsp;&nbsp;&nbsp;&nbsp;&nbsp;&nbsp; <br><\/strong><\/p>\n\n<ul class=\"wp-block-categories-list wp-block-categories\"><li class=\"cat-item-none\">Keine Kategorien<\/li><\/ul>\n\n\n<p><\/p>\n","protected":false},"excerpt":{"rendered":"<p>&nbsp;TANZEN macht Spa\u00df und ist sehr gesund. Es bringt den Kreislauf in Schwung, st\u00e4rkt das Herz und beugt Krampfadern und R\u00fcckenproblemen vor. Zudem verbraucht man pro Stunde etwa so viele Kalorien wie beim leichten Joggen. Weitere Vorteile: Stress&nbsp; wird abgebaut, und das Selbstbewusstsein steigt&nbsp; &nbsp; &nbsp; &nbsp; &nbsp; &nbsp; &nbsp; &nbsp; &nbsp; &nbsp; &nbsp; &nbsp; &hellip; <\/p>\n<p class=\"link-more\"><a href=\"http:\/\/cestlavie-events.eu\/CestLaVie_\/wordpress\/?page_id=141\" class=\"more-link\"><span class=\"screen-reader-text\">\u201eUnsere aktuellen Events&#8230;\u201c<\/span> weiterlesen<\/a><\/p>\n","protected":false},"author":1,"featured_media":0,"parent":0,"menu_order":0,"comment_status":"closed","ping_status":"closed","template":"","meta":{"ngg_post_thumbnail":0,"footnotes":""},"class_list":["post-141","page","type-page","status-publish","hentry"],"_links":{"self":[{"href":"http:\/\/cestlavie-events.eu\/CestLaVie_\/wordpress\/index.php?rest_route=\/wp\/v2\/pages\/141","targetHints":{"allow":["GET"]}}],"collection":[{"href":"http:\/\/cestlavie-events.eu\/CestLaVie_\/wordpress\/index.php?rest_route=\/wp\/v2\/pages"}],"about":[{"href":"http:\/\/cestlavie-events.eu\/CestLaVie_\/wordpress\/index.php?rest_route=\/wp\/v2\/types\/page"}],"author":[{"embeddable":true,"href":"http:\/\/cestlavie-events.eu\/CestLaVie_\/wordpress\/index.php?rest_route=\/wp\/v2\/users\/1"}],"replies":[{"embeddable":true,"href":"http:\/\/cestlavie-events.eu\/CestLaVie_\/wordpress\/index.php?rest_route=%2Fwp%2Fv2%2Fcomments&post=141"}],"version-history":[{"count":1148,"href":"http:\/\/cestlavie-events.eu\/CestLaVie_\/wordpress\/index.php?rest_route=\/wp\/v2\/pages\/141\/revisions"}],"predecessor-version":[{"id":2176,"href":"http:\/\/cestlavie-events.eu\/CestLaVie_\/wordpress\/index.php?rest_route=\/wp\/v2\/pages\/141\/revisions\/2176"}],"wp:attachment":[{"href":"http:\/\/cestlavie-events.eu\/CestLaVie_\/wordpress\/index.php?rest_route=%2Fwp%2Fv2%2Fmedia&parent=141"}],"curies":[{"name":"wp","href":"https:\/\/api.w.org\/{rel}","templated":true}]}}